
What is the units digit of 6881?
1
What is the thousands digit of 4761?
4
What is the units digit of 231?
1
What is the tens digit of 18223?
2
What is the thousands digit of 109998?
9
What is the thousands digit of 2256?
2
What is the hundreds digit of 1977?
9
What is the tens digit of 9841?
4
What is the tens digit of 871?
7
What is the tens digit of 1873?
7
What is the thousands digit of 60966?
0
What is the units digit of 11646?
6
What is the ten thousands digit of 43197?
4
What is the thousands digit of 28345?
8
What is the tens digit of 41850?
5
What is the units digit of 18353?
3
What is the ten thousands digit of 25581?
2
What is the thousands digit of 1613?
1
What is the hundreds digit of 2102?
1
What is the hundreds digit of 23451?
4
What is the tens digit of 71758?
5
What is the tens digit of 723?
2
What is the hundreds digit of 101186?
1
What is the ten thousands digit of 19798?
1
What is the units digit of 11055?
5
What is the units digit of 1294?
4
What is the units digit of 25907?
7
What is the ten thousands digit of 35846?
3
What is the tens digit of 6802?
0
What is the tens digit of 537?
3
What is the hundreds digit of 7457?
4
What is the ten thousands digit of 11201?
1
What is the ten thousands digit of 67108?
6
What is the units digit of 2744?
4
What is the tens digit of 775?
7
What is the tens digit of 1210?
1
What is the hundreds digit of 2393?
3
What is the units digit of 6768?
8
What is the tens digit of 73346?
4
What is the hundreds digit of 111?
1
What is the thousands digit of 6959?
6
What is the thousands digit of 2249?
2
What is the thousands digit of 2413?
2
What is the hundred thousands digit of 108904?
1
What is the thousands digit of 5472?
5
What is the hundreds digit of 7633?
6
What is the hundreds digit of 699?
6
What is the units digit of 798?
8
What is the tens digit of 2818?
1
What is the thousands digit of 10939?
0
What is the hundreds digit of 2509?
5
What is the units digit of 2561?
1
What is the thousands digit of 2524?
2
What is the units digit of 1446?
6
What is the hundreds digit of 30752?
7
What is the units digit of 169?
9
What is the thousands digit of 92011?
2
What is the ten thousands digit of 29852?
2
What is the hundreds digit of 57069?
0
What is the units digit of 1402?
2
What is the units digit of 898?
8
What is the ten thousands digit of 15581?
1
What is the hundreds digit of 1161?
1
What is the hundreds digit of 1316?
3
What is the hundreds digit of 8229?
2
What is the thousands digit of 5637?
5
What is the hundreds digit of 8778?
7
What is the units digit of 36083?
3
What is the units digit of 1112?
2
What is the units digit of 18101?
1
What is the units digit of 67467?
7
What is the tens digit of 4730?
3
What is the hundreds digit of 2740?
7
What is the thousands digit of 5032?
5
What is the hundreds digit of 890?
8
What is the hundreds digit of 1054?
0
What is the thousands digit of 1311?
1
What is the hundreds digit of 3140?
1
What is the thousands digit of 3178?
3
What is the tens digit of 7094?
9
What is the thousands digit of 1787?
1
What is the units digit of 2871?
1
What is the ten thousands digit of 125903?
2
What is the hundreds digit of 4566?
5
What is the thousands digit of 46280?
6
What is the tens digit of 191886?
8
What is the tens digit of 4442?
4
What is the tens digit of 463?
6
What is the units digit of 297?
7
What is the units digit of 99932?
2
What is the units digit of 714?
4
What is the hundreds digit of 98998?
9
What is the thousands digit of 10748?
0
What is the tens digit of 2619?
1
What is the thousands digit of 79647?
9
What is the tens digit of 4430?
3
What is the hundreds digit of 13883?
8
What is the tens digit of 5281?
8
What is the hundreds digit of 143681?
6
What is the ten thousands digit of 30637?
3
What is the tens digit of 678?
7
What is the hundreds digit of 751?
7
What is the units digit of 867?
7
What is the hundreds digit of 303?
3
What is the ten thousands digit of 66682?
6
What is the thousands digit of 1790?
1
What is the thousands digit of 8858?
8
What is the hundreds digit of 2125?
1
What is the thousands digit of 52227?
2
What is the hundreds digit of 18442?
4
What is the tens digit of 1820?
2
What is the tens digit of 554?
5
What is the units digit of 2491?
1
What is the hundreds digit of 9565?
5
What is the ten thousands digit of 47096?
4
What is the hundreds digit of 22476?
4
What is the hundreds digit of 1291?
2
What is the ten thousands digit of 11805?
1
What is the thousands digit of 6579?
6
What is the tens digit of 4496?
9
What is the ten thousands digit of 21540?
2
What is the ten thousands digit of 18735?
1
What is the hundreds digit of 124?
1
What is the thousands digit of 2509?
2
What is the tens digit of 2338?
3
What is the thousands digit of 6086?
6
What is the tens digit of 7105?
0
What is the thousands digit of 2226?
2
What is the tens digit of 4895?
9
What is the tens digit of 80427?
2
What is the units digit of 944?
4
What is the thousands digit of 6836?
6
What is the thousands digit of 2990?
2
What is the tens digit of 6907?
0
What is the hundreds digit of 688?
6
What is the hundreds digit of 1969?
9
What is the tens digit of 10320?
2
What is the hundreds digit of 10846?
8
What is the thousands digit of 12897?
2
What is the thousands digit of 1916?
1
What is the hundreds digit of 49744?
7
What is the units digit of 289?
9
What is the ten thousands digit of 147930?
4
What is the tens digit of 9490?
9
What is the ten thousands digit of 30404?
3
What is the thousands digit of 4011?
4
What is the ten thousands digit of 11925?
1
What is the thousands digit of 24564?
4
What is the units digit of 8090?
0
What is the thousands digit of 11933?
1
What is the hundreds digit of 515?
5
What is the ten thousands digit of 129801?
2
What is the thousands digit of 6054?
6
What is the hundreds digit of 20448?
4
What is the thousands digit of 1484?
1
What is the units digit of 111014?
4
What is the units digit of 61563?
3
What is the thousands digit of 1251?
1
What is the tens digit of 2379?
7
What is the tens digit of 766?
6
What is the ten thousands digit of 50357?
5
What is the units digit of 2173?
3
What is the units digit of 2251?
1
What is the units digit of 3310?
0
What is the units digit of 1476?
6
What is the units digit of 23538?
8
What is the units digit of 2497?
7
What is the thousands digit of 2635?
2
What is the hundreds digit of 4174?
1
What is the thousands digit of 19688?
9
What is the units digit of 2497?
7
What is the units digit of 5396?
6
What is the tens digit of 464?
6
What is the tens digit of 2637?
3
What is the hundreds digit of 38226?
2
What is the hundreds digit of 4183?
1
What is the hundreds digit of 29986?
9
What is the hundreds digit of 3688?
6
What is the units digit of 266?
6
What is the hundreds digit of 9652?
6
What is the units digit of 32211?
1
What is the tens digit of 2314?
1
What is the hundreds digit of 34593?
5
What is the ten thousands digit of 14938?
1
What is the tens digit of 8458?
5
What is the units digit of 22?
2
What is the thousands digit of 29481?
9
What is the tens digit of 1559?
5
What is the units digit of 46523?
3
What is the units digit of 9078?
8
What is the units digit of 714?
4
What is the units digit of 5861?
1
What is the thousands digit of 7634?
7
What is the ten thousands digit of 10997?
1
What is the thousands digit of 5488?
5
What is the tens digit of 26173?
7
What is the hundreds digit of 11126?
1
What is the ten thousands digit of 30352?
3
What is the hundreds digit of 29914?
9
What is the tens digit of 1747?
4
What is the hundreds digit of 9499?
4
What is the units digit of 2277?
7
What is the tens digit of 39444?
4
What is the units digit of 440?
0
What is the thousands digit of 2525?
2
What is the units digit of 1423?
3
What is the thousands digit of 55792?
5
What is the tens digit of 1488?
8
What is the tens digit of 3502?
0
What is the units digit of 1382?
2
What is the tens digit of 23245?
4
What is the units digit of 514?
4
What is the units digit of 145?
5
What is the thousands digit of 3045?
3
What is the hundreds digit of 2087?
0
What is the units digit of 1332?
2
What is the thousands digit of 8803?
8
What is the tens digit of 119167?
6
What is the tens digi